79
List the prime factors of 1396988.
2, 29, 12043
List the prime factors of 23837102.
2, 37, 83, 3881
What are the prime factors of 656429?
656429
List the prime factors of 1132612.
2, 13, 23, 947
List the prime factors of 32031053.
293, 109321
List the prime factors of 10298613.
3, 13, 347, 761
What are the prime factors of 853161?
3, 284387
List the prime factors of 28826981.
23, 1253347
List the prime factors of 8070667.
11, 733697
What are the prime factors of 3263572?
2, 13, 62761
What are the prime factors of 23307992?
2, 1523, 1913
List the prime factors of 10576726.
2, 5288363
What are the prime factors of 35292?
2, 3, 17, 173
What are the prime factors of 199073?
7, 28439
List the prime factors of 394800.
2, 3, 5, 7, 47
What are the prime factors of 1048213?
1048213
What are the prime factors of 1005296?
2, 83, 757
What are the prime factors of 11673952?
2, 89, 4099
List the prime factors of 8102520.
2, 3, 5, 71, 317
What are the prime factors of 1192987?
23, 51869
List the prime factors of 1379386.
2, 689693
What are the prime factors of 307568?
2, 47, 409
What are the prime factors of 22236803?
139, 159977
What are the prime factors of 1423890?
2, 3, 5, 13, 1217
What are the prime factors of 4039977?
3, 89, 15131
List the prime factors of 5095056.
2, 3, 179, 593
What are the prime factors of 75010?
2, 5, 13, 577
List the prime factors of 1604645.
5, 7, 19, 127
What are the prime factors of 10624188?
2, 3, 593, 1493
What are the prime factors of 4102221?
3, 163, 8389
What are the prime factors of 86484?
2, 3, 7207
List the prime factors of 5810497.
7, 11, 59, 1279
List the prime factors of 16498541.
31, 43, 12377
List the prime factors of 216891.
3, 29, 277
List the prime factors of 566233.
566233
List the prime factors of 27134753.
27134753
What are the prime factors of 3041913?
3, 7, 41, 3533
What are the prime factors of 19260761?
13, 113969
What are the prime factors of 755209?
7, 13, 43, 193
List the prime factors of 547040.
2, 5, 13, 263
List the prime factors of 2424569.
7, 49481
What are the prime factors of 6872705?
5, 7, 179, 1097
What are the prime factors of 294937?
19, 43
List the prime factors of 1045062.
2, 3, 6451
What are the prime factors of 271254?
2, 3, 53, 853
What are the prime factors of 23370230?
2, 5, 13, 29, 6199
What are the prime factors of 77586?
2, 3, 67, 193
What are the prime factors of 138842?
2, 11, 6311
List the prime factors of 212693.
13, 16361
List the prime factors of 550431.
3, 7, 8737
List the prime factors of 475253.
137, 3469
List the prime factors of 2169855.
3, 5, 16073
List the prime factors of 7949810.
2, 5, 11, 72271
List the prime factors of 1609782.
2, 3, 268297
List the prime factors of 19806250.
2, 5, 3169
List the prime factors of 19149746.
2, 7, 11, 124349
List the prime factors of 141270.
2, 3, 5, 17, 277
List the prime factors of 176884.
2, 44221
List the prime factors of 1523748.
2, 3, 43, 2953
List the prime factors of 17430669.
3, 1936741
What are the prime factors of 6083449?
331, 18379
List the prime factors of 1771243.
599, 2957
List the prime factors of 148024.
2, 18503
List the prime factors of 207419.
41, 5059
What are the prime factors of 1002455?
5, 23, 379
List the prime factors of 468997.
53, 8849
List the prime factors of 25965.
3, 5, 577
What are the prime factors of 537964?
2, 7, 19213
List the prime factors of 427287.
3, 7, 20347
What are the prime factors of 32815?
5, 6563
List the prime factors of 1999307.
1999307
List the prime factors of 429150.
2, 3, 5, 2861
What are the prime factors of 18297651?
3, 6099217
What are the prime factors of 1287389?
137, 9397
What are the prime factors of 4852767?
3, 1617589
What are the prime factors of 2492647?
739, 3373
List the prime factors of 2134203.
3, 617, 1153
List the prime factors of 7884581.
1553, 5077
List the prime factors of 47519.
19, 41, 61
What are the prime factors of 314074?
2, 157037
List the prime factors of 42219.
3, 4691
List the prime factors of 32796.
2, 3, 911
What are the prime factors of 75430?
2, 5, 19, 397
List the prime factors of 9502157.
7, 1063, 1277
What are the prime factors of 16045346?
2, 37, 216829
List the prime factors of 158946.
2, 3, 59, 449
List the prime factors of 50824.
2, 6353
What are the prime factors of 99975?
3, 5, 31, 43
What are the prime factors of 526760?
2, 5, 13, 1013
What are the prime factors of 9584314?
2, 59, 81223
List the prime factors of 2132658.
2, 3, 11, 10771
List the prime factors of 10060827.
3, 7, 89, 769
What are the prime factors of 8209241?
8209241
What are the prime factors of 20783510?
2, 5, 11, 188941
What are the prime factors of 516588?
2, 3, 43049
List the prime factors of 3504758.
2, 43, 83, 491
List the prime factors of 2306543.
17, 19, 37, 193
What are the prime factors of 5794275?
3, 5, 23, 3359
List the prime factors of 24528792.
2, 3, 1022033
What are the prime factors of 1447360?
2, 5, 4523
What are the prime factors of 4172266?
2, 7, 53, 5623
List the prime factors of 1323399.
3, 7, 11, 17, 337
List the prime factors of 14401340.
2, 5, 223, 3229
List the prime factors of 20084664.
2, 3, 836861
List the prime factors of 1818083.
43, 42281
What are the prime factors of 23696225?
5, 7, 43, 47, 67
What are the prime factors of 2389417?
107, 137, 163
What are the prime factors of 1087010?
2, 5, 71, 1531
What are the prime factors of 219747?
3, 11, 6659
What are the prime factors of 153654?
2, 3, 25609
List the prime factors of 225517.
61, 3697
List the prime factors of 319817.
319817
What are the prime factors of 22002459?
3, 743, 9871
List the prime factors of 522533.
11, 67, 709
What are the prime factors of 964293?
3, 11, 29221
What are the prime factors of 332217?
3, 36913
List the prime factors of 457006.
2, 11, 20773
What are the prime factors of 15390655?
5, 7, 62819
List the prime factors of 835855.
5, 349, 479
List the prime factors of 406105.
5, 7, 41, 283
List the prime factors of 803310.
2, 3, 5, 26777
List the prime factors of 614072.
2, 59, 1301
What are the prime factors of 12647197?
12647197
List the prime factors of 435704.
2, 107, 509
What are the prime factors of 210143?
210143
List the prime factors of 1363789.
7, 194827
What are the prime factors of 20228679?
3, 1291, 1741
What are the prime factors of 411682?
2, 43, 4787
What are the prime factors of 203627?
203627
What are the prime factors of 164731?
7, 101, 233
List the prime factors of 67575.
3, 5, 17, 53
What are the prime factors of 455667?
3, 67, 2267
What are the prime factors of 361181?
31, 61, 191
List the prime factors of 526308.
2, 3, 61, 719
What are the prime factors of 3432705?
3, 5, 228847
What are the prime factors of 496784?
2, 61, 509
What are the prime factors of 4654452?
2, 3, 11, 37, 953
What are the prime factors of 192711?
3, 64237
List the prime factors of 4371522.
2, 3, 827, 881
List the prime factors of 674753.
103, 6551
What are the prime factors of 16178544?
2, 3, 283, 397
What are the prime factors of 324742?
2, 11, 29, 509
List the prime factors of 11121288.
2, 3, 463387
List the prime factors of 2136744.
2, 3, 59, 503
List the prime factors of 502382.
2, 251191
List the prime factors of 497922.
2, 3, 31, 2677
List the prime factors of 2842350.
2, 3, 5, 7, 2707
What are the prime factors of 1030021?
1030021
What are the prime factors of 3072194?
2, 1536097
What are the prime factors of 3050430?
2, 3, 5, 101681
List the prime factors of 1525551.
3, 508517
What are the prime factors of 2944122?
2, 3, 541, 907
List the prime factors of 394369.
394369
What are the prime factors of 88671?
3, 11, 2687
List the prime factors of 9958523.
229, 43487
List the prime factors of 1442808.
2, 3, 29, 691
List the prime factors of 1880174.
2, 940087
List the prime factors of 1011098.
2, 11, 45959
What are the prime factors of 3837286?
2, 1918643
What are the prime factors of 2840881?
43, 66067
What are the prime factors of 2312136?
2, 3, 17, 1889
What are the prime factors of 1327030?
2, 5, 131, 1013
What are the prime factors of 18561494?
2, 7, 37, 5119
What are the prime factors of 207655?
5, 7, 17, 349
What are the prime factors of 14793625?
5, 7, 11, 29, 53
List the prime factors of 568341.
3, 63149
List the prime factors of 332236.
2, 83059
What a